{"id":41,"date":"2025-03-30T09:42:48","date_gmt":"2025-03-30T09:42:48","guid":{"rendered":"http:\/\/rolandfeuerwehr.de\/?post_type=vehicle&#038;p=41"},"modified":"2025-04-05T08:05:39","modified_gmt":"2025-04-05T08:05:39","slug":"einsatzleitwagen-1-elw-1","status":"publish","type":"vehicle","link":"https:\/\/rolandfeuerwehr.de\/?vehicle=einsatzleitwagen-1-elw-1","title":{"rendered":"Einsatzleitwagen 1 (ELW 1)"},"content":{"rendered":"<figure style=\"height:300px;\" class=\"wp-block-post-featured-image\"><img decoding=\"async\" width=\"536\" height=\"400\" src=\"https:\/\/rolandfeuerwehr.de\/wp-content\/uploads\/2025\/03\/elw-70-11-01.jpg\" class=\"attachment-post-thumbnail size-post-thumbnail wp-post-image\" alt=\"\" style=\"height:300px;object-fit:contain;\" srcset=\"https:\/\/rolandfeuerwehr.de\/wp-content\/uploads\/2025\/03\/elw-70-11-01.jpg 536w, https:\/\/rolandfeuerwehr.de\/wp-content\/uploads\/2025\/03\/elw-70-11-01-300x224.jpg 300w\" sizes=\"(max-width: 536px) 100vw, 536px\" \/><\/figure>\n\n\n\n\n\n\n<div class=\"wp-block-columns is-layout-flex wp-container-core-columns-is-layout-a5331a9e wp-block-columns-is-layout-flex\" style=\"padding-top:0;padding-right:0;padding-bottom:0;padding-left:0\">\n<div class=\"wp-block-column is-layout-flow wp-block-column-is-layout-flow\">\n\n\n<ul class=\"wp-block-list\">\n<li>Funkrufname: Florian Segeberg 70-11-01<\/li>\n\n\n\n<li>Fahrgestell: Mercedes Benz, Typ Sprinter<\/li>\n\n\n\n<li>Aufbauhersteller: BOS Mobile Systeme<\/li>\n\n\n\n<li>Baujahr: 2021<\/li>\n\n\n\n<li>Motor: 140 KW (190 PS)<\/li>\n\n\n\n<li>Besatzung: 1\/3<\/li>\n<\/ul>\n<\/div>\n\n\n\n<div class=\"wp-block-column is-layout-flow wp-block-column-is-layout-flow\">\n\n\n<ul class=\"wp-block-list\">\n<li>4x MRT Funk<\/li>\n\n\n\n<li>2x VoIP-Fire<\/li>\n\n\n\n<li>Multifunktionsger\u00e4t (Drucker\/Scanner\/Kopierer)<\/li>\n\n\n\n<li>Telefon und Handy<\/li>\n\n\n\n<li>2x PC Arbeitsplatz<\/li>\n\n\n\n<li>1x Notebook<\/li>\n\n\n\n<li>Ausstattung f\u00fcr die F\u00fchrungsgruppe der Einsatzleitung (auch bei Gefahrgutunf\u00e4llen)<\/li>\n\n\n\n<li>Funk- und Lichtmast<\/li>\n\n\n\n<li>Zusatzbeladung f\u00fcr kleinere Hilfeleistungen<\/li>\n<\/ul>\n<\/div>\n<\/div>\n","protected":false},"excerpt":{"rendered":"","protected":false},"featured_media":218,"menu_order":701101,"template":"","meta":{"site-sidebar-layout":"default","site-content-layout":"","ast-site-content-layout":"default","site-content-style":"default","site-sidebar-style":"default","ast-global-header-display":"","ast-banner-title-visibility":"","ast-main-header-display":"","ast-hfb-above-header-display":"","ast-hfb-below-header-display":"","ast-hfb-mobile-header-display":"","site-post-title":"","ast-breadcrumbs-content":"","ast-featured-img":"","footer-sml-layout":"","theme-transparent-header-meta":"default","adv-header-id-meta":"","stick-header-meta":"","header-above-stick-meta":"","header-main-stick-meta":"","header-below-stick-meta":"","astra-migrate-meta-layouts":"set","ast-page-background-enabled":"default","ast-page-background-meta":{"desktop":{"background-color":"var(--ast-global-color-5)","background-image":"","background-repeat":"repeat","background-position":"center center","background-size":"auto","background-attachment":"scroll","background-type":"","background-media":"","overlay-type":"","overlay-color":"","overlay-opacity":"","overlay-gradient":""},"tablet":{"background-color":"","background-image":"","background-repeat":"repeat","background-position":"center center","background-size":"auto","background-attachment":"scroll","background-type":"","background-media":"","overlay-type":"","overlay-color":"","overlay-opacity":"","overlay-gradient":""},"mobile":{"background-color":"","background-image":"","background-repeat":"repeat","background-position":"center center","background-size":"auto","background-attachment":"scroll","background-type":"","background-media":"","overlay-type":"","overlay-color":"","overlay-opacity":"","overlay-gradient":""}},"ast-content-background-meta":{"desktop":{"background-color":"var(--ast-global-color-4)","background-image":"","background-repeat":"repeat","background-position":"center center","background-size":"auto","background-attachment":"scroll","background-type":"","background-media":"","overlay-type":"","overlay-color":"","overlay-opacity":"","overlay-gradient":""},"tablet":{"background-color":"var(--ast-global-color-4)","background-image":"","background-repeat":"repeat","background-position":"center center","background-size":"auto","background-attachment":"scroll","background-type":"","background-media":"","overlay-type":"","overlay-color":"","overlay-opacity":"","overlay-gradient":""},"mobile":{"background-color":"var(--ast-global-color-4)","background-image":"","background-repeat":"repeat","background-position":"center center","background-size":"auto","background-attachment":"scroll","background-type":"","background-media":"","overlay-type":"","overlay-color":"","overlay-opacity":"","overlay-gradient":""}}},"class_list":["post-41","vehicle","type-vehicle","status-publish","has-post-thumbnail","hentry"],"_links":{"self":[{"href":"https:\/\/rolandfeuerwehr.de\/index.php?rest_route=\/wp\/v2\/vehicle\/41","targetHints":{"allow":["GET"]}}],"collection":[{"href":"https:\/\/rolandfeuerwehr.de\/index.php?rest_route=\/wp\/v2\/vehicle"}],"about":[{"href":"https:\/\/rolandfeuerwehr.de\/index.php?rest_route=\/wp\/v2\/types\/vehicle"}],"wp:featuredmedia":[{"embeddable":true,"href":"https:\/\/rolandfeuerwehr.de\/index.php?rest_route=\/wp\/v2\/media\/218"}],"wp:attachment":[{"href":"https:\/\/rolandfeuerwehr.de\/index.php?rest_route=%2Fwp%2Fv2%2Fmedia&parent=41"}],"curies":[{"name":"wp","href":"https:\/\/api.w.org\/{rel}","templated":true}]}}

<figure style="height:300px;" class="wp-block-post-featured-image"><img decoding="async" width="536" height="400" src="https://rolandfeuerwehr.de/wp-content/uploads/2025/03/elw-70-11-01.jpg" class="attachment-post-thumbnail size-post-thumbnail wp-post-image" alt="" style="height:300px;object-fit:contain;" srcset="https://rolandfeuerwehr.de/wp-content/uploads/2025/03/elw-70-11-01.jpg 536w, https://rolandfeuerwehr.de/wp-content/uploads/2025/03/elw-70-11-01-300x224.jpg 300w" sizes="(max-width: 536px) 100vw, 536px" /></figure>






<div class="wp-block-columns is-layout-flex wp-container-core-columns-is-layout-a5331a9e wp-block-columns-is-layout-flex" style="padding-top:0;padding-right:0;padding-bottom:0;padding-left:0">
<div class="wp-block-column is-layout-flow wp-block-column-is-layout-flow">


<ul class="wp-block-list">
<li>Funkrufname: Florian Segeberg 70-11-01</li>



<li>Fahrgestell: Mercedes Benz, Typ Sprinter</li>



<li>Aufbauhersteller: BOS Mobile Systeme</li>



<li>Baujahr: 2021</li>



<li>Motor: 140 KW (190 PS)</li>



<li>Besatzung: 1/3</li>
</ul>
</div>



<div class="wp-block-column is-layout-flow wp-block-column-is-layout-flow">


<ul class="wp-block-list">
<li>4x MRT Funk</li>



<li>2x VoIP-Fire</li>



<li>Multifunktionsgerät (Drucker/Scanner/Kopierer)</li>



<li>Telefon und Handy</li>



<li>2x PC Arbeitsplatz</li>



<li>1x Notebook</li>



<li>Ausstattung für die Führungsgruppe der Einsatzleitung (auch bei Gefahrgutunfällen)</li>



<li>Funk- und Lichtmast</li>



<li>Zusatzbeladung für kleinere Hilfeleistungen</li>
</ul>
</div>
</div>
